3, 5
Let i(z) = 10*z - 1. Let p be i(2). Suppose -5 + p = s. List the prime factors of s.
2, 7
List the prime factors of 5 + -1 + -5 - -256.
3, 5, 17
Suppose -4*a = a - 90. Let w = -9 - -15. Let o = a - w. What are the prime factors of o?
2, 3
Suppose 5*f - 2*f = 54. List the prime factors of f.
2, 3
Let o(h) = -16*h - 2. Let x be o(-2). Let i = 42 - x. What are the prime factors of i?
2, 3
List the prime factors of (-383)/(4/4*-1).
383
Suppose 0 = -a - 4*a + 85. List the prime factors of a.
17
List the prime factors of 32/(-12)*114/(-8).
2, 19
Let w(a) = a - 1. Let k be w(-1). Let p(h) = -3*h - 1. Let u be p(k). What are the prime factors of 0 + (-2)/1 + u?
3
Let w(b) = 3*b**3 - b**2 - 2*b + 3. What are the prime factors of w(3)?
3, 23
Let i(q) = -q**2 - 12*q + 7. What are the prime factors of i(-11)?
2, 3
Let m = 39 - 13. List the prime factors of m.
2, 13
Let d(z) = z**2 + 6*z. Let i be d(-6). Suppose -m = -r - 5, i*r - 4*r = m + 15. What are the prime factors of (-3 - r)/(1/9)?
3
Suppose 2*m - 334 = 3*p - 5*p, 0 = -2*m + 4*p + 316. List the prime factors of m.
2, 41
Let p = 1 - -1. Suppose s + 3 = -p*s. List the prime factors of (s - -13)*(-4)/(-6).
2
Let b(a) = -a - 3. Let v be b(-6). Let g = v - -8. Suppose -t + g = -0*t. What are the prime factors of t?
11
Suppose -2*f + 6 = -0, 16 = -2*r + 4*f. Suppose 2*i - 10 = -3*h + 5, 2*i = 6. Let u = h - r. List the prime factors of u.
5
Suppose 3*q = 4*x - 20, 4*x - 28 = 2*q + 3*q. Suppose 0 = 5*l - 5*c - 210, l - x*c = c + 46. Let f = l + -25. List the prime factors of f.
3, 5
Let l(y) = y**3 + y**2 - y - 1. Let w be l(0). Let v be (-4)/(-14) + (-244)/(-28). Let a = v + w. What are the prime factors of a?
2
Suppose f - 3*f = y - 47, -5*y - 115 = -4*f. List the prime factors of f.
5
Let f(r) = 8*r**2 + r. Let w be f(-1). Let y = 10 - w. Suppose y*g + 0*g - 4*b - 50 = 0, 5*b + 35 = g. List the prime factors of g.
2, 5
Let j(o) = -2*o**2 - 2*o + 8. Let s(h) = -3*h**2 - 5*h + 15. Let i(x) = -5*j(x) + 3*s(x). List the prime factors of i(8).
29
Suppose 4*i - 3*v - 280 = 0, -2*i + i = 3*v - 70. What are the prime factors of i?
2, 5, 7
Let g = -50 - -151. What are the prime factors of g?
101
Suppose p + 2*p = 2*w + 3, 5*w = -5*p + 55. Let s be (6/w)/(2/24). What are the prime factors of (-2)/8 + 63/s?
5
Suppose -5*v - 5 = -0. What are the prime factors of 14 + -1 + v + -1?
11
Let v(s) = -3*s - 18. List the prime factors of v(-23).
3, 17
Suppose -3*v - 31 = -4*l + 13, 3*l - 32 = 2*v. Suppose 1 = -3*d - l. List the prime factors of -5 - (d - 0) - -9.
7
Let u = -24 + 84. Suppose 4*z = 5*i - u, -4*i + 2*z + 59 = z. List the prime factors of i.
2
Let a be -51*(28/(-6))/7. What are the prime factors of -2 + (-1 - -1) + a?
2
Suppose 5*t = -4*k + 146, 2*t + 123 = 6*t - 3*k. What are the prime factors of t?
2, 3, 5
Let g(k) = k**3 - 10*k**2 - k + 12. Let v be g(10). Let c(f) = -f**v + 2*f**2 + 3 + 2 + f. List the prime factors of c(0).
5
Let x(u) = u + 4. Let c be x(-12). What are the prime factors of 3/(-3)*c + -1?
7
Suppose 71 = 3*u - f, -4*u - 2*f + 80 + 28 = 0. What are the prime factors of u?
5
Let s be 2 + (32 + -2)/3. Suppose -5*w + 4*q + 2 = -7, -8 = -4*w + 3*q. Let u = s - w. List the prime factors of u.
7
Let f = 1248 - 874. Let l = f + -892. List the prime factors of 2/10 + l/(-35).
3, 5
Suppose 2*m + o - 100 = 0, 2*m + 3*o = -0*o + 104. Suppose -m - 107 = -3*t. List the prime factors of t.
2, 13
Suppose -11 + 3 = -2*b. Let z = b + 7. List the prime factors of z.
11
Let s = 3 + 2. Suppose t - 78 = -3*a, 0*t - 3*t = -s*a + 144. List the prime factors of 1 - (a/(-3) + 2).
2
Suppose 20*i - 19*i = 79. What are the prime factors of i?
79
Let y(h) = 20*h + 5. List the prime factors of y(6).
5
Let q(l) = l**3 + 7*l**2 - l - 1. Let r be q(-6). Suppose 21 - 64 = -4*g + 5*m, -5*g = -2*m - r. List the prime factors of g.
7
Suppose 3*u = 61 - 16. What are the prime factors of u?
3, 5
Let r(j) = 4*j + 65. List the prime factors of r(7).
3, 31
Let h(u) = -3*u + 5*u + 3 + u**2 + 4*u. Let m be (-4)/(-26) + (-160)/26. List the prime factors of h(m).
3
Let x = 49 - 13. List the prime factors of x.
2, 3
Let c = -35 - -122. List the prime factors of c.
3, 29
Let n = -4 + -1. List the prime factors of ((-5)/(n/(-42)))/(-1).
2, 3, 7
Suppose -3*a - 40 + 439 = 0. List the prime factors of a.
7, 19
Let d(o) = -o**3 - 11*o**2 + 4*o + 3. What are the prime factors of d(-12)?
3, 11
Let n(s) = -s**3 + 11*s**2 - 11*s + 12. What are the prime factors of n(7)?
131
Let w(z) be the third derivative of -2/15*z**6 + 0*z + 1/60*z**5 + 1/6*z**3 - 3*z**2 + 0 + 1/12*z**4. What are the prime factors of w(-1)?
2
Let y = 16 + -14. Suppose 6*o - y*o - 140 = 0. What are the prime factors of o?
5, 7
Let n(u) = 10*u**2 + 1. Let y be n(-1). Let s = 13 - y. What are the prime factors of s?
2
Let n = 13 + -8. Suppose -r = -n*r + 12. What are the prime factors of r?
3
Suppose -15*f = -12*f - 99. List the prime factors of f.
3, 11
Let z = -8 + 12. Let f(w) = -w**3 + 6*w**2 - 4*w + 3. Let k be f(z). Suppose k = 4*m - 3*m + 3*i, -5*m + 4*i = 0. List the prime factors of m.
2
Suppose -3*t + 0*t - p + 27 = 0, 3*p + 23 = 4*t. List the prime factors of t.
2
Let l(x) = x + 2. Let v be l(-3). Let r(b) = -10*b - 1. Let u be r(v). Let g = u - 7. List the prime factors of g.
2
Let j(o) = o**2 + 7*o - 6. Let h be j(-8). Suppose -f + 2*f = h. What are the prime factors of f?
2
Let m = 34 - 0. What are the prime factors of m?
2, 17
Let t(y) = -y**3 - 2*y**2 - 5*y + 4. What are the prime factors of t(-4)?
2, 7
Let z = -41 - -20. Let t = z + 29. What are the prime factors of t?
2
What are the prime factors of (-1 - (-332)/(-10))/((-1)/5)?
3, 19
Suppose -3*k + o - 24 = -2*o, 3*k + 3 = -4*o. Let l = k + 9. Suppose 4*p - 33 = 3*b, -35 = -l*p - 2*b + 3. List the prime factors of p.
3
Let z = 33 + -14. Suppose -z = -5*m - 4*d + 51, -5*m + 5*d = -70. List the prime factors of m.
2, 7
Let q(y) = y**3 + 4*y**2 + 3*y + 2. Suppose 0 = -7*w + 3*w + 16. Let g = 1 - w. What are the prime factors of q(g)?
2
What are the prime factors of (3 - 813/(-9))*3?
2, 5, 7
Let f(y) = y**3 - 4*y**2 - 10*y + 8. List the prime factors of f(6).
2, 5
Let c(q) = -q**3 + 7*q**2 - 3*q. Suppose -4 - 8 = -2*z. What are the prime factors of c(z)?
2, 3
Let c be (-2)/(-12) + (-15)/90. Suppose a = c, -24 - 10 = -b + 2*a. List the prime factors of b.
2, 17
Let a be (-8)/14*28/(-8). Suppose 3*u - 33 = -3*f, 7 = -5*f - a*u + 59. List the prime factors of f.
2, 5
Let g be (-4)/20 - (-38)/(-10). Let i be (g - -2)*(-4)/2. Let u(a) = 2*a - 3. What are the prime factors of u(i)?
5
Let f(j) be the first derivative of j**2 - 12*j - 1. Let m be (-6)/2 + (4 - -9). What are the prime factors of f(m)?
2
Suppose g - 354 = -2*g. Let o = g + -83. What are the prime factors of o?
5, 7
Let z(q) = -q**3 + 12*q**2 - 7*q + 3. What are the prime factors of z(10)?
7, 19
Let a(d) = -d**3 + 15*d**2 - 29*d + 27. What are the prime factors of a(12)?
3, 37
Suppose w = -4*w + 50. Suppose 2*k - 5*p + w = 3, 2*k - p = 5. What are the prime factors of k?
2
Let r(p) = 10*p - 1. What are the prime factors of r(5)?
7
Suppose 12 = -3*q - 5*l, l = 2*q + 9 + 12. Let p = 9 - q. What are the prime factors of p?
2, 3
Let o(c) = -c**2 + 7*c - 1. Let u(n) = n**2 - 4*n + 2. Let t be u(4). Suppose 2*z + t*i - 12 = 0, -4*z + 5*i = -28 + 4. List the prime factors of o(z).
5
Suppose -16 = 4*m, -3*d - m + 11 = 3. Let r be 0/(-2) + 1 + 2. Suppose d = -j + r*j. List the prime factors of j.
2
Let n be 4/(-14) - 36/21. Let x = n - 8. What are the prime factors of (-5)/x - (-3)/2?
2
Let i(s) = s**3 - 10*s**2 + 3*s + 13. List the prime factors of i(10).
43
Let h = -3 - -3. Suppose h = 3*x + 16 - 40. List the prime factors of x.
2
Let r(m) = m**2 + 5*m + 3. Let i be r(-6). List the prime factors of -3*6/i + 29.
3
Suppose -45 = 3*o - 0*o. Let r = -6 - o. What are the prime factors of r?
3
Let u(g) = -3 + g**2 + 4*g - 2*g + 7*g. Let l be u(-9). List the prime factors of (-4)/(((-18)/l)/(-3)).
2
Suppose n + 4 = 2*n. What are the prime factors of n*1/((-3)/(-12))?
2
Suppose -r + 4 - 14 = 0. What are the prime factors of 1/(-5) + (-92)/r?
3
Suppose 25 + 12 = u + c, 0 = 3*c + 9. What are the prime factors of u?
2, 5
Suppose 3*y + 2*y = 5. Let h be 6/27 - (-939)/